
{"id":214,"date":"2022-02-08T09:15:35","date_gmt":"2022-02-08T09:15:35","guid":{"rendered":"https:\/\/www.lafraguadedavid.com\/?page_id=214"},"modified":"2022-02-15T17:59:45","modified_gmt":"2022-02-15T17:59:45","slug":"mamparas-de-bano-mosquiteras-y-persianas","status":"publish","type":"page","link":"https:\/\/www.lafraguadedavid.com\/index.php\/mamparas-de-bano-mosquiteras-y-persianas\/","title":{"rendered":"MAMPARAS DE BA\u00d1O, MOSQUITERAS Y PERSIANAS"},"content":{"rendered":"\n<h1 class=\"has-text-align-center\"><span class=\"has-inline-color has-palette-color-5-color\">MAMPARAS DE BA\u00d1O, MOSQUITERAS Y PERSIANAS<\/span><\/h1>\n\n\n\n<h2 class=\"has-text-align-center\"><span class=\"has-inline-color has-palette-color-5-color\">MAMPARAS DE BA\u00d1O<\/span><\/h2>\n\n\n\n<p class=\"justificar2\">La mampara de ba\u00f1o y ducha es ya un elemento primordial en la higiene y decoraci\u00f3n de los espacios de ba\u00f1o, ya que hemos eliminado las incordiosas, aburridas y antihigi\u00e9nicas cortinas, Hoy d\u00eda se dispone de un amplio cat\u00e1logo de acabados en color, movimiento y decoraci\u00f3n.<\/p>\n\n\n<div class=\"rl-gallery-container rl-loading\" id=\"rl-gallery-container-1\" data-gallery_id=\"516\"> <div class=\"rl-gallery rl-basicgrid-gallery \" id=\"rl-gallery-1\" data-gallery_no=\"1\"> <div class=\"rl-gallery-item\"><a href=\"https:\/\/www.lafraguadedavid.com\/wp-content\/uploads\/2022\/02\/2012-10-26-17.21.49.jpg\" title=\"\" data-rl_title=\"\" class=\"rl-gallery-link\" data-rl_caption=\"\" data-rel=\"lightbox-gallery-1\"><img src=\"https:\/\/www.lafraguadedavid.com\/wp-content\/uploads\/2022\/02\/2012-10-26-17.21.49-225x300.jpg\" width=\"225\" height=\"300\" \/><\/a><\/div><div class=\"rl-gallery-item\"><a href=\"https:\/\/www.lafraguadedavid.com\/wp-content\/uploads\/2022\/02\/corral.jpg\" title=\"\" data-rl_title=\"\" class=\"rl-gallery-link\" data-rl_caption=\"\" data-rel=\"lightbox-gallery-1\"><img src=\"https:\/\/www.lafraguadedavid.com\/wp-content\/uploads\/2022\/02\/corral-300x225.jpg\" width=\"300\" height=\"225\" \/><\/a><\/div><div class=\"rl-gallery-item\"><a href=\"https:\/\/www.lafraguadedavid.com\/wp-content\/uploads\/2022\/02\/IMG_20141104_134446.jpg\" title=\"\" data-rl_title=\"\" class=\"rl-gallery-link\" data-rl_caption=\"\" data-rel=\"lightbox-gallery-1\"><img src=\"https:\/\/www.lafraguadedavid.com\/wp-content\/uploads\/2022\/02\/IMG_20141104_134446-225x300.jpg\" width=\"225\" height=\"300\" \/><\/a><\/div><div class=\"rl-gallery-item\"><a href=\"https:\/\/www.lafraguadedavid.com\/wp-content\/uploads\/2022\/02\/IMG_20141104_134915.jpg\" title=\"\" data-rl_title=\"\" class=\"rl-gallery-link\" data-rl_caption=\"\" data-rel=\"lightbox-gallery-1\"><img src=\"https:\/\/www.lafraguadedavid.com\/wp-content\/uploads\/2022\/02\/IMG_20141104_134915-225x300.jpg\" width=\"225\" height=\"300\" \/><\/a><\/div><div class=\"rl-gallery-item\"><a href=\"https:\/\/www.lafraguadedavid.com\/wp-content\/uploads\/2022\/02\/IMG_20141104_135100.jpg\" title=\"\" data-rl_title=\"\" class=\"rl-gallery-link\" data-rl_caption=\"\" data-rel=\"lightbox-gallery-1\"><img src=\"https:\/\/www.lafraguadedavid.com\/wp-content\/uploads\/2022\/02\/IMG_20141104_135100-225x300.jpg\" width=\"225\" height=\"300\" \/><\/a><\/div><div class=\"rl-gallery-item\"><a href=\"https:\/\/www.lafraguadedavid.com\/wp-content\/uploads\/2022\/02\/122211.jpg\" title=\"\" data-rl_title=\"\" class=\"rl-gallery-link\" data-rl_caption=\"\" data-rel=\"lightbox-gallery-1\"><img src=\"https:\/\/www.lafraguadedavid.com\/wp-content\/uploads\/2022\/02\/122211-225x300.jpg\" width=\"225\" height=\"300\" \/><\/a><\/div> <\/div> <\/div>\n\n\n\n<h2 class=\"has-text-align-center\"><span class=\"has-inline-color has-palette-color-5-color\">MOSQUITERAS<\/span><\/h2>\n\n\n\n<p class=\"justificar2\">La mosquitera es un elemento imprescindible para los huecos de carpinter\u00eda de exterior, ya que nos protege de los molestos insectos, de las hojitas de los \u00e1rboles, de alg\u00fan animalito reptil o volador, o hasta incluso de esas pajitas que vuelan en el verano de la cosecha o ese gatito de la vecina que entra por la ventana. Para ello existen posibilidades para cualquier hueco en fijo, corredera, enrollable vertical o lateral, plisada, replegable o abatible y con telas sorprendentes desde met\u00e1licas hasta decoradas.<\/p>\n\n\n<div class=\"rl-gallery-container rl-loading\" id=\"rl-gallery-container-2\" data-gallery_id=\"586\"> <div class=\"rl-gallery rl-basicgrid-gallery \" id=\"rl-gallery-2\" data-gallery_no=\"2\"> <div class=\"rl-gallery-item\"><a href=\"https:\/\/www.lafraguadedavid.com\/wp-content\/uploads\/2022\/02\/55627-12506825.jpg\" title=\"\" data-rl_title=\"\" class=\"rl-gallery-link\" data-rl_caption=\"\" data-rel=\"lightbox-gallery-2\"><img src=\"https:\/\/www.lafraguadedavid.com\/wp-content\/uploads\/2022\/02\/55627-12506825-300x300.jpg\" width=\"300\" height=\"300\" \/><\/a><\/div><div class=\"rl-gallery-item\"><a href=\"https:\/\/www.lafraguadedavid.com\/wp-content\/uploads\/2022\/02\/bora-doble.jpg\" title=\"\" data-rl_title=\"\" class=\"rl-gallery-link\" data-rl_caption=\"\" data-rel=\"lightbox-gallery-2\"><img src=\"https:\/\/www.lafraguadedavid.com\/wp-content\/uploads\/2022\/02\/bora-doble-300x225.jpg\" width=\"300\" height=\"225\" \/><\/a><\/div><div class=\"rl-gallery-item\"><a href=\"https:\/\/www.lafraguadedavid.com\/wp-content\/uploads\/2022\/02\/minima-standard1.jpg\" title=\"\" data-rl_title=\"\" class=\"rl-gallery-link\" data-rl_caption=\"\" data-rel=\"lightbox-gallery-2\"><img src=\"https:\/\/www.lafraguadedavid.com\/wp-content\/uploads\/2022\/02\/minima-standard1-300x300.jpg\" width=\"300\" height=\"300\" \/><\/a><\/div><div class=\"rl-gallery-item\"><a href=\"https:\/\/www.lafraguadedavid.com\/wp-content\/uploads\/2022\/02\/mosquitera-puerta_w21.jpg\" title=\"\" data-rl_title=\"\" class=\"rl-gallery-link\" data-rl_caption=\"\" data-rel=\"lightbox-gallery-2\"><img src=\"https:\/\/www.lafraguadedavid.com\/wp-content\/uploads\/2022\/02\/mosquitera-puerta_w21-264x300.jpg\" width=\"264\" height=\"300\" \/><\/a><\/div><div class=\"rl-gallery-item\"><a href=\"https:\/\/www.lafraguadedavid.com\/wp-content\/uploads\/2022\/02\/wind-32-verticale.jpg\" title=\"\" data-rl_title=\"\" class=\"rl-gallery-link\" data-rl_caption=\"\" data-rel=\"lightbox-gallery-2\"><img src=\"https:\/\/www.lafraguadedavid.com\/wp-content\/uploads\/2022\/02\/wind-32-verticale-300x300.jpg\" width=\"300\" height=\"300\" \/><\/a><\/div> <\/div> <\/div>\n\n\n\n<h2 class=\"has-text-align-center\"><span class=\"has-inline-color has-palette-color-5-color\">PERSIANAS<\/span><\/h2>\n\n\n\n<p>La persiana es un elemento indispensable en nuestras viviendas y como todo ha evolucionado mucho. Hoy d\u00eda ya no tenemos que renunciar a ellas por la est\u00e9tica o por las dimensiones ya que hay soluciones para casi cualquier hueco. Los acabados son infinitos, en colores, texturas, protecciones y dimensiones. Tambi\u00e9n se siguen suministrando las cl\u00e1sicas persianas de cadenilla, tablilla, tiras o cord\u00f3n.<\/p>\n\n\n<div class=\"rl-gallery-container rl-loading\" id=\"rl-gallery-container-3\" data-gallery_id=\"593\"> <div class=\"rl-gallery rl-basicgrid-gallery \" id=\"rl-gallery-3\" data-gallery_no=\"3\"> <div class=\"rl-gallery-item\"><a href=\"https:\/\/www.lafraguadedavid.com\/wp-content\/uploads\/2022\/02\/71yaclWR8AL._AC_SX425_.jpg\" title=\"\" data-rl_title=\"\" class=\"rl-gallery-link\" data-rl_caption=\"\" data-rel=\"lightbox-gallery-3\"><img src=\"https:\/\/www.lafraguadedavid.com\/wp-content\/uploads\/2022\/02\/71yaclWR8AL._AC_SX425_-300x300.jpg\" width=\"300\" height=\"300\" \/><\/a><\/div><div class=\"rl-gallery-item\"><a href=\"https:\/\/www.lafraguadedavid.com\/wp-content\/uploads\/2022\/02\/detalle-lama-veneciana-16.jpg\" title=\"\" data-rl_title=\"\" class=\"rl-gallery-link\" data-rl_caption=\"\" data-rel=\"lightbox-gallery-3\"><img src=\"https:\/\/www.lafraguadedavid.com\/wp-content\/uploads\/2022\/02\/detalle-lama-veneciana-16-300x300.jpg\" width=\"300\" height=\"300\" \/><\/a><\/div><div class=\"rl-gallery-item\"><a href=\"https:\/\/www.lafraguadedavid.com\/wp-content\/uploads\/2022\/02\/lama-aluminio-microperforado-2.jpg\" title=\"\" data-rl_title=\"\" class=\"rl-gallery-link\" data-rl_caption=\"\" data-rel=\"lightbox-gallery-3\"><img src=\"https:\/\/www.lafraguadedavid.com\/wp-content\/uploads\/2022\/02\/lama-aluminio-microperforado-2-300x300.jpg\" width=\"300\" height=\"300\" \/><\/a><\/div><div class=\"rl-gallery-item\"><a href=\"https:\/\/www.lafraguadedavid.com\/wp-content\/uploads\/2022\/02\/Lama-autobloc-micro-4-.jpg\" title=\"\" data-rl_title=\"\" class=\"rl-gallery-link\" data-rl_caption=\"\" data-rel=\"lightbox-gallery-3\"><img src=\"https:\/\/www.lafraguadedavid.com\/wp-content\/uploads\/2022\/02\/Lama-autobloc-micro-4--300x244.jpg\" width=\"300\" height=\"244\" \/><\/a><\/div><div class=\"rl-gallery-item\"><a href=\"https:\/\/www.lafraguadedavid.com\/wp-content\/uploads\/2022\/02\/persiana-alicantina-a-medida-color-oregon.jpg\" title=\"\" data-rl_title=\"\" class=\"rl-gallery-link\" data-rl_caption=\"\" data-rel=\"lightbox-gallery-3\"><img src=\"https:\/\/www.lafraguadedavid.com\/wp-content\/uploads\/2022\/02\/persiana-alicantina-a-medida-color-oregon-300x300.jpg\" width=\"300\" height=\"300\" \/><\/a><\/div><div class=\"rl-gallery-item\"><a href=\"https:\/\/www.lafraguadedavid.com\/wp-content\/uploads\/2022\/02\/persiana-de-seguridad-cajon-compacto.jpg\" title=\"\" data-rl_title=\"\" class=\"rl-gallery-link\" data-rl_caption=\"\" data-rel=\"lightbox-gallery-3\"><img src=\"https:\/\/www.lafraguadedavid.com\/wp-content\/uploads\/2022\/02\/persiana-de-seguridad-cajon-compacto-300x300.jpg\" width=\"300\" height=\"300\" \/><\/a><\/div><div class=\"rl-gallery-item\"><a href=\"https:\/\/www.lafraguadedavid.com\/wp-content\/uploads\/2022\/02\/persiana-renovacion-de-pvc-de-40-mm-1.jpg\" title=\"\" data-rl_title=\"\" class=\"rl-gallery-link\" data-rl_caption=\"\" data-rel=\"lightbox-gallery-3\"><img src=\"https:\/\/www.lafraguadedavid.com\/wp-content\/uploads\/2022\/02\/persiana-renovacion-de-pvc-de-40-mm-1-300x300.jpg\" width=\"300\" height=\"300\" \/><\/a><\/div><div class=\"rl-gallery-item\"><a href=\"https:\/\/www.lafraguadedavid.com\/wp-content\/uploads\/2022\/02\/persiana-renovacion-de-pvc-de-40-mm-2.jpg\" title=\"\" data-rl_title=\"\" class=\"rl-gallery-link\" data-rl_caption=\"\" data-rel=\"lightbox-gallery-3\"><img src=\"https:\/\/www.lafraguadedavid.com\/wp-content\/uploads\/2022\/02\/persiana-renovacion-de-pvc-de-40-mm-2-300x300.jpg\" width=\"300\" height=\"300\" \/><\/a><\/div><div class=\"rl-gallery-item\"><a href=\"https:\/\/www.lafraguadedavid.com\/wp-content\/uploads\/2022\/02\/venecianas-aluminio-a-medida.jpg\" title=\"\" data-rl_title=\"\" class=\"rl-gallery-link\" data-rl_caption=\"\" data-rel=\"lightbox-gallery-3\"><img src=\"https:\/\/www.lafraguadedavid.com\/wp-content\/uploads\/2022\/02\/venecianas-aluminio-a-medida-300x199.jpg\" width=\"300\" height=\"199\" \/><\/a><\/div> <\/div> <\/div>\n","protected":false},"excerpt":{"rendered":"<p>MAMPARAS DE BA\u00d1O, MOSQUITERAS Y PERSIANAS MAMPARAS DE BA\u00d1O La mampara de ba\u00f1o y ducha es ya un elemento primordial en la higiene y decoraci\u00f3n de los espacios de ba\u00f1o, ya que hemos eliminado las incordiosas, aburridas y antihigi\u00e9nicas cortinas, Hoy d\u00eda se dispone de un amplio cat\u00e1logo de acabados en color, movimiento y decoraci\u00f3n. MOSQUITERAS La mosquitera es un elemento imprescindible para los huecos de carpinter\u00eda de exterior, ya que nos protege de los molestos insectos, de las hojitas de los \u00e1rboles, de alg\u00fan animalito reptil o volador, o hasta incluso de esas pajitas que vuelan en el verano\u2026<\/p>\n","protected":false},"author":1,"featured_media":0,"parent":0,"menu_order":0,"comment_status":"closed","ping_status":"closed","template":"","meta":[],"blocksy_meta":{"styles_descriptor":{"styles":{"desktop":"","tablet":"","mobile":""},"google_fonts":[],"version":4}},"yoast_head":"<!-- This site is optimized with the Yoast SEO plugin v18.1 - https:\/\/yoast.com\/wordpress\/plugins\/seo\/ -->\n<title>MAMPARAS DE BA\u00d1O, MOSQUITERAS Y PERSIANAS - La Fragua de David<\/title>\n<meta name=\"robots\" content=\"index, follow, max-snippet:-1, max-image-preview:large, max-video-preview:-1\" \/>\n<link rel=\"canonical\" href=\"https:\/\/www.lafraguadedavid.com\/index.php\/mamparas-de-bano-mosquiteras-y-persianas\/\" \/>\n<meta property=\"og:locale\" content=\"es_ES\" \/>\n<meta property=\"og:type\" content=\"article\" \/>\n<meta property=\"og:title\" content=\"MAMPARAS DE BA\u00d1O, MOSQUITERAS Y PERSIANAS - La Fragua de David\" \/>\n<meta property=\"og:description\" content=\"MAMPARAS DE BA\u00d1O, MOSQUITERAS Y PERSIANAS MAMPARAS DE BA\u00d1O La mampara de ba\u00f1o y ducha es ya un elemento primordial en la higiene y decoraci\u00f3n de los espacios de ba\u00f1o, ya que hemos eliminado las incordiosas, aburridas y antihigi\u00e9nicas cortinas, Hoy d\u00eda se dispone de un amplio cat\u00e1logo de acabados en color, movimiento y decoraci\u00f3n. MOSQUITERAS La mosquitera es un elemento imprescindible para los huecos de carpinter\u00eda de exterior, ya que nos protege de los molestos insectos, de las hojitas de los \u00e1rboles, de alg\u00fan animalito reptil o volador, o hasta incluso de esas pajitas que vuelan en el verano\u2026\" \/>\n<meta property=\"og:url\" content=\"https:\/\/www.lafraguadedavid.com\/index.php\/mamparas-de-bano-mosquiteras-y-persianas\/\" \/>\n<meta property=\"og:site_name\" content=\"La Fragua de David\" \/>\n<meta property=\"article:modified_time\" content=\"2022-02-15T17:59:45+00:00\" \/>\n<meta name=\"twitter:card\" content=\"summary_large_image\" \/>\n<meta name=\"twitter:label1\" content=\"Tiempo de lectura\" \/>\n\t<meta name=\"twitter:data1\" content=\"1 minuto\" \/>\n<script type=\"application\/ld+json\" class=\"yoast-schema-graph\">{\"@context\":\"https:\/\/schema.org\",\"@graph\":[{\"@type\":\"WebSite\",\"@id\":\"https:\/\/www.lafraguadedavid.com\/#website\",\"url\":\"https:\/\/www.lafraguadedavid.com\/\",\"name\":\"La Fragua de David\",\"description\":\"\",\"potentialAction\":[{\"@type\":\"SearchAction\",\"target\":{\"@type\":\"EntryPoint\",\"urlTemplate\":\"https:\/\/www.lafraguadedavid.com\/?s={search_term_string}\"},\"query-input\":\"required name=search_term_string\"}],\"inLanguage\":\"es\"},{\"@type\":\"WebPage\",\"@id\":\"https:\/\/www.lafraguadedavid.com\/index.php\/mamparas-de-bano-mosquiteras-y-persianas\/#webpage\",\"url\":\"https:\/\/www.lafraguadedavid.com\/index.php\/mamparas-de-bano-mosquiteras-y-persianas\/\",\"name\":\"MAMPARAS DE BA\u00d1O, MOSQUITERAS Y PERSIANAS - La Fragua de David\",\"isPartOf\":{\"@id\":\"https:\/\/www.lafraguadedavid.com\/#website\"},\"datePublished\":\"2022-02-08T09:15:35+00:00\",\"dateModified\":\"2022-02-15T17:59:45+00:00\",\"breadcrumb\":{\"@id\":\"https:\/\/www.lafraguadedavid.com\/index.php\/mamparas-de-bano-mosquiteras-y-persianas\/#breadcrumb\"},\"inLanguage\":\"es\",\"potentialAction\":[{\"@type\":\"ReadAction\",\"target\":[\"https:\/\/www.lafraguadedavid.com\/index.php\/mamparas-de-bano-mosquiteras-y-persianas\/\"]}]},{\"@type\":\"BreadcrumbList\",\"@id\":\"https:\/\/www.lafraguadedavid.com\/index.php\/mamparas-de-bano-mosquiteras-y-persianas\/#breadcrumb\",\"itemListElement\":[{\"@type\":\"ListItem\",\"position\":1,\"name\":\"Portada\",\"item\":\"https:\/\/www.lafraguadedavid.com\/\"},{\"@type\":\"ListItem\",\"position\":2,\"name\":\"MAMPARAS DE BA\u00d1O, MOSQUITERAS Y PERSIANAS\"}]}]}<\/script>\n<!-- \/ Yoast SEO plugin. -->","yoast_head_json":{"title":"MAMPARAS DE BA\u00d1O, MOSQUITERAS Y PERSIANAS - La Fragua de David","robots":{"index":"index","follow":"follow","max-snippet":"max-snippet:-1","max-image-preview":"max-image-preview:large","max-video-preview":"max-video-preview:-1"},"canonical":"https:\/\/www.lafraguadedavid.com\/index.php\/mamparas-de-bano-mosquiteras-y-persianas\/","og_locale":"es_ES","og_type":"article","og_title":"MAMPARAS DE BA\u00d1O, MOSQUITERAS Y PERSIANAS - La Fragua de David","og_description":"MAMPARAS DE BA\u00d1O, MOSQUITERAS Y PERSIANAS MAMPARAS DE BA\u00d1O La mampara de ba\u00f1o y ducha es ya un elemento primordial en la higiene y decoraci\u00f3n de los espacios de ba\u00f1o, ya que hemos eliminado las incordiosas, aburridas y antihigi\u00e9nicas cortinas, Hoy d\u00eda se dispone de un amplio cat\u00e1logo de acabados en color, movimiento y decoraci\u00f3n. MOSQUITERAS La mosquitera es un elemento imprescindible para los huecos de carpinter\u00eda de exterior, ya que nos protege de los molestos insectos, de las hojitas de los \u00e1rboles, de alg\u00fan animalito reptil o volador, o hasta incluso de esas pajitas que vuelan en el verano\u2026","og_url":"https:\/\/www.lafraguadedavid.com\/index.php\/mamparas-de-bano-mosquiteras-y-persianas\/","og_site_name":"La Fragua de David","article_modified_time":"2022-02-15T17:59:45+00:00","twitter_card":"summary_large_image","twitter_misc":{"Tiempo de lectura":"1 minuto"},"schema":{"@context":"https:\/\/schema.org","@graph":[{"@type":"WebSite","@id":"https:\/\/www.lafraguadedavid.com\/#website","url":"https:\/\/www.lafraguadedavid.com\/","name":"La Fragua de David","description":"","potentialAction":[{"@type":"SearchAction","target":{"@type":"EntryPoint","urlTemplate":"https:\/\/www.lafraguadedavid.com\/?s={search_term_string}"},"query-input":"required name=search_term_string"}],"inLanguage":"es"},{"@type":"WebPage","@id":"https:\/\/www.lafraguadedavid.com\/index.php\/mamparas-de-bano-mosquiteras-y-persianas\/#webpage","url":"https:\/\/www.lafraguadedavid.com\/index.php\/mamparas-de-bano-mosquiteras-y-persianas\/","name":"MAMPARAS DE BA\u00d1O, MOSQUITERAS Y PERSIANAS - La Fragua de David","isPartOf":{"@id":"https:\/\/www.lafraguadedavid.com\/#website"},"datePublished":"2022-02-08T09:15:35+00:00","dateModified":"2022-02-15T17:59:45+00:00","breadcrumb":{"@id":"https:\/\/www.lafraguadedavid.com\/index.php\/mamparas-de-bano-mosquiteras-y-persianas\/#breadcrumb"},"inLanguage":"es","potentialAction":[{"@type":"ReadAction","target":["https:\/\/www.lafraguadedavid.com\/index.php\/mamparas-de-bano-mosquiteras-y-persianas\/"]}]},{"@type":"BreadcrumbList","@id":"https:\/\/www.lafraguadedavid.com\/index.php\/mamparas-de-bano-mosquiteras-y-persianas\/#breadcrumb","itemListElement":[{"@type":"ListItem","position":1,"name":"Portada","item":"https:\/\/www.lafraguadedavid.com\/"},{"@type":"ListItem","position":2,"name":"MAMPARAS DE BA\u00d1O, MOSQUITERAS Y PERSIANAS"}]}]}},"_links":{"self":[{"href":"https:\/\/www.lafraguadedavid.com\/index.php\/wp-json\/wp\/v2\/pages\/214"}],"collection":[{"href":"https:\/\/www.lafraguadedavid.com\/index.php\/wp-json\/wp\/v2\/pages"}],"about":[{"href":"https:\/\/www.lafraguadedavid.com\/index.php\/wp-json\/wp\/v2\/types\/page"}],"author":[{"embeddable":true,"href":"https:\/\/www.lafraguadedavid.com\/index.php\/wp-json\/wp\/v2\/users\/1"}],"replies":[{"embeddable":true,"href":"https:\/\/www.lafraguadedavid.com\/index.php\/wp-json\/wp\/v2\/comments?post=214"}],"version-history":[{"count":7,"href":"https:\/\/www.lafraguadedavid.com\/index.php\/wp-json\/wp\/v2\/pages\/214\/revisions"}],"predecessor-version":[{"id":603,"href":"https:\/\/www.lafraguadedavid.com\/index.php\/wp-json\/wp\/v2\/pages\/214\/revisions\/603"}],"wp:attachment":[{"href":"https:\/\/www.lafraguadedavid.com\/index.php\/wp-json\/wp\/v2\/media?parent=214"}],"curies":[{"name":"wp","href":"https:\/\/api.w.org\/{rel}","templated":true}]}}