
{"id":78,"date":"2022-01-24T10:43:20","date_gmt":"2022-01-24T10:43:20","guid":{"rendered":"https:\/\/www.lafraguadedavid.com\/?page_id=78"},"modified":"2022-01-26T10:53:17","modified_gmt":"2022-01-26T10:53:17","slug":"politica-de-privacidad","status":"publish","type":"page","link":"https:\/\/www.lafraguadedavid.com\/index.php\/politica-de-privacidad\/","title":{"rendered":"POL\u00cdTICA DE PRIVACIDAD"},"content":{"rendered":"\n<h1 class=\"has-text-align-center\">POL\u00cdTICA DE PRIVACIDAD<\/h1>\n\n\n\n<div class=\"wp-block-image\"><figure class=\"aligncenter size-full\"><img loading=\"lazy\" width=\"300\" height=\"285\" src=\"https:\/\/www.lafraguadedavid.com\/wp-content\/uploads\/2022\/01\/RGPD-300x285-1.png\" alt=\"\" class=\"wp-image-160\"\/><\/figure><\/div>\n\n\n\n<h5><strong>La fragua de David<\/strong>&nbsp;desea que te sientas c\u00f3modo en nuestro sitio web.<\/h5>\n\n\n\n<h5>La protecci\u00f3n de tu privacidad es muy importante para nosotros. Por lo tanto, nos gustar\u00eda que se tomase un tiempo para leer detenidamente el siguiente resumen sobre c\u00f3mo funciona nuestro sitio web. Puedes confiar en un procesamiento de datos transparente ya que nos esforzamos para manejar tus datos de forma segura, cuidadosa y responsable.<\/h5>\n\n\n\n<h5>&nbsp;&nbsp;&nbsp;Las siguientes pol\u00edticas de privacidad est\u00e1n destinadas a informarte sobre c\u00f3mo usamos tu informaci\u00f3n personal cumpliendo con las disposiciones y requisitos del&nbsp;<strong>Reglamento General de Protecci\u00f3n de Datos<\/strong>&nbsp;(General Data Protection Regulation, GDPR) y en particular<strong>&nbsp;la&nbsp;<a href=\"https:\/\/www.boe.es\/eli\/es\/lo\/2018\/12\/05\/3\/con\" target=\"_blank\" rel=\"noreferrer noopener\">Ley Org\u00e1nica 3\/2018 de Protecci\u00f3n de Datos y Garant\u00eda de los Derechos Digitales<\/a>&nbsp;<\/strong>(LOPDGDD) en Espa\u00f1a.<\/h5>\n\n\n\n<h2>Qui\u00e9nes somos<\/h2>\n\n\n\n<p>La direcci\u00f3n de nuestra web es: https:\/\/www.lafraguadedavid.com.<\/p>\n\n\n\n<p>\u2022 Titular:&nbsp;David S\u00e1nchez Gonz\u00e1lez. &nbsp;&nbsp;&nbsp;<\/p>\n\n\n\n<p>\u2022 Domicilio social:&nbsp;<strong>C\/ Astillejos 8 CP: 13170 \u2013 Miguelturra (Ciudad Real)<\/strong>&nbsp;&nbsp;&nbsp;&nbsp;<\/p>\n\n\n\n<p>\u2022 Correo electr\u00f3nico:&nbsp;<strong>david@lafraguadedavid.com&nbsp;<\/strong>&nbsp;&nbsp;&nbsp;<\/p>\n\n\n\n<p>\u2022 Delegado de Protecci\u00f3n de Datos: El usuario puede contactar con el Delegado de Protecci\u00f3n de Datos mediante escrito dirigido al domicilio social a la atenci\u00f3n del \u201cDelegado de Protecci\u00f3n de Datos\u201d o al correo electr\u00f3nico<strong>&nbsp;david@lafraguadedavid.com &nbsp;&nbsp;David S\u00e1nchez Gonz\u00e1lez<\/strong>&nbsp;, en su calidad de propietario y responsable de la recopilaci\u00f3n automatizada de datos personales en su sitio Web, se compromete al cumplimiento de sus obligaciones como controlador de dichos datos de acuerdo con el&nbsp;<strong>Reglamento General de Protecci\u00f3n de Datos<\/strong>&nbsp;(GDPR) y en particular&nbsp;la&nbsp;<a href=\"https:\/\/www.boe.es\/eli\/es\/lo\/2018\/12\/05\/3\/con\" target=\"_blank\" rel=\"noreferrer noopener\">Ley Org\u00e1nica 3\/2018 de Protecci\u00f3n de Datos y Garant\u00eda de los Derechos Digitales<\/a>&nbsp;(LOPDGDD) en Espa\u00f1a.<\/p>\n\n\n\n<h2>Qu\u00e9 datos personales recogemos y por qu\u00e9 los recogemos<\/h2>\n\n\n\n<h3>Registro de usuarios<\/h3>\n\n\n\n<p>Para poder realizar un pedido y que podamos realizar la gesti\u00f3n y envi\u00f3 del mismo, tenemos la necesidad de recoger los datos de facturaci\u00f3n y env\u00edo del cliente.<\/p>\n\n\n\n<p>Adem\u00e1s requerimos de otro tipo de datos tales como el correo electr\u00f3nico necesario para mantener un contacto con el cliente y usado tambi\u00e9n para el acceso a su cuenta.<\/p>\n\n\n\n<p>Otros datos como el tel\u00e9fono, son necesarios conocerlos para poder mantener un contacto r\u00e1pido con el cliente.<\/p>\n\n\n\n<p>La&nbsp;<strong>base de legitimaci\u00f3n<\/strong>&nbsp;para la recopilaci\u00f3n de estos datos se encuentra regida en el RGPD en su&nbsp;<strong>art. 6.1<\/strong>&nbsp;como&nbsp;<strong>\u00abconsentimiento del interesado\u00bb<\/strong>.<\/p>\n\n\n\n<h3>Comentarios<\/h3>\n\n\n\n<p>Cuando los visitantes dejan comentarios en la web, recopilamos los datos que se muestran en el formulario de comentarios, as\u00ed como la direcci\u00f3n IP del visitante y la cadena de agentes de usuario del navegador para ayudar a la detecci\u00f3n de spam.<\/p>\n\n\n\n<p>Una cadena an\u00f3nima creada a partir de tu direcci\u00f3n de correo electr\u00f3nico (tambi\u00e9n llamada hash) puede ser proporcionada al servicio de Gravatar para ver si la est\u00e1s usando. La pol\u00edtica de privacidad del servicio Gravatar est\u00e1 disponible aqu\u00ed: https:\/\/automattic.com\/privacy\/. Despu\u00e9s de la aprobaci\u00f3n de tu comentario, la imagen de tu perfil es visible para el p\u00fablico en el contexto de tu comentario.<\/p>\n\n\n\n<h3>Medios<\/h3>\n\n\n\n<p>Si subes im\u00e1genes a la web, deber\u00edas evitar subir im\u00e1genes con datos de ubicaci\u00f3n (GPS EXIF) incluidos. Los visitantes de la web pueden descargar y extraer cualquier dato de ubicaci\u00f3n de las im\u00e1genes de la web.<\/p>\n\n\n\n<h3>Formularios de contacto<\/h3>\n\n\n\n<p>Los datos obligatorios de cada formulario est\u00e1n identificados como tales en los formularios. La negativa a suministrar dicha informaci\u00f3n impedir\u00e1 la comunicaci\u00f3n con el usuario y, en su caso, la imposibilidad de facilitarle la informaci\u00f3n y\/o prestaci\u00f3n solicitada.<\/p>\n\n\n\n<p>Estos datos no se almacenan en ning\u00fan sitio y su uso ser\u00e1 simplemente para dicha comunicaci\u00f3n puntual.<\/p>\n\n\n\n<p>La&nbsp;<strong>base de legitimaci\u00f3n<\/strong>&nbsp;para la petici\u00f3n de estos datos se encuentra regida en el RGPD en su&nbsp;<strong>art. 6.1<\/strong>&nbsp;como&nbsp;<strong>\u00abconsentimiento del interesado\u00bb<\/strong>.<\/p>\n\n\n\n<h3>Cookies<\/h3>\n\n\n\n<p>Si dejas un comentario en nuestro sitio puedes elegir guardar tu nombre, direcci\u00f3n de correo electr\u00f3nico y web en cookies. Esto es para tu comodidad, para que no tengas que volver a rellenar tus datos cuando dejes otro comentario. Estas cookies tendr\u00e1n una duraci\u00f3n de un a\u00f1o.<\/p>\n\n\n\n<p>Si tienes una cuenta y te conectas a este sitio, instalaremos una cookie temporal para determinar si tu navegador acepta cookies. Esta cookie no contiene datos personales y se elimina al cerrar el navegador.<\/p>\n\n\n\n<p>Cuando accedas, tambi\u00e9n instalaremos varias cookies para guardar tu informaci\u00f3n de acceso y tus opciones de visualizaci\u00f3n de pantalla. Las cookies de acceso duran dos d\u00edas, y las cookies de opciones de pantalla duran un a\u00f1o. Si seleccionas \u00abRecu\u00e9rdarme\u00bb, tu acceso perdurar\u00e1 durante dos semanas. Si sales de tu cuenta, las cookies de acceso se eliminar\u00e1n.<\/p>\n\n\n\n<p>Si editas o publicas un art\u00edculo se guardar\u00e1 una cookie adicional en tu navegador. Esta cookie no incluye datos personales y simplemente indica el ID del art\u00edculo que acabas de editar. Caduca despu\u00e9s de 1 d\u00eda.<\/p>\n\n\n\n<h3>Contenido incrustado de otros sitios web<\/h3>\n\n\n\n<p>Los art\u00edculos de este sitio pueden incluir contenido incrustado (por ejemplo, v\u00eddeos, im\u00e1genes, art\u00edculos, etc.). El contenido incrustado de otras webs se comporta exactamente de la misma manera que si el visitante hubiera visitado la otra web.<\/p>\n\n\n\n<p>Estas web pueden recopilar datos sobre ti, utilizar cookies, incrustar un seguimiento adicional de terceros, y supervisar tu interacci\u00f3n con ese contenido incrustado, incluido el seguimiento de tu interacci\u00f3n con el contenido incrustado si tienes una cuenta y est\u00e1s conectado a esa web.<\/p>\n\n\n\n<h3>Anal\u00edtica<\/h3>\n\n\n\n<p>El uso de&nbsp;<strong>MaquinandoCoser.com<\/strong>&nbsp;implica el an\u00e1lisis por parte de terceros que procesan datos de identificaci\u00f3n del dispositivo y posiblemente datos personales que aunque sean an\u00f3nimos y no vinculantes, el usuario puede solicitar su derecho a olvidarlos y cancelarlos. &nbsp;&nbsp;&nbsp;<\/p>\n\n\n\n<p>Los controladores de datos de terceros son: &nbsp;&nbsp;&nbsp;<\/p>\n\n\n\n<p>\u2013 Google Analytics: \u2013 Servicio de an\u00e1lisis web \u2013&nbsp;<a href=\"https:\/\/www.google.com\/analytics\/learn\/privacy.html\">https:\/\/www.google.com\/analytics\/learn\/privacy.html<\/a>&nbsp;&nbsp;&nbsp;&nbsp; El procesamiento relacionado con los servicios para este sitio se encuentra en las oficinas registradas de las compa\u00f1\u00edas mencionadas anteriormente y son manejados solo por personal autorizado u otras personas encargadas de operaciones de mantenimiento ocasionales.&nbsp;<strong>lafraguadedavid.com<\/strong>&nbsp;no comunica ni distribuye datos del servicio a terceros o compa\u00f1\u00edas que no se hayan descrito anteriormente.<\/p>\n\n\n\n<p>El usuario entiende y ACEPTA que la Aplicaci\u00f3n no administra ning\u00fan tipo de informaci\u00f3n y la informaci\u00f3n asociada derivada del uso de paquetes de terceros como Google Inc. y sus compa\u00f1\u00edas, y dicha informaci\u00f3n no es almacenada por&nbsp;<strong>lafraguadedavid.com<\/strong>, que NO asume ninguna responsabilidad con respecto al tratamiento de los datos personales que llevan a cabo y la filtraci\u00f3n de datos que pueden provenir de sus servidores.<\/p>\n\n\n\n<h2>Con qui\u00e9n compartimos tus datos<\/h2>\n\n\n\n<p>Herbalote s\u00f3lo transmitir\u00e1 los datos personales a:<\/p>\n\n\n\n<ul><li>Proveedores de servicios auxiliares externos vinculados contractualmente como encargados de tratamiento tales como hosting, mantenimiento inform\u00e1tico, ciberseguridad, gesti\u00f3n de soportes, empresas de transporte, gesti\u00f3n de facturaci\u00f3n.<\/li><li>Si solicitas un restablecimiento de contrase\u00f1a, tu direcci\u00f3n IP ser\u00e1 incluida en el correo electr\u00f3nico de restablecimiento.<\/li><li>En caso de resultar legalmente procedente, a terceros tales como \u00f3rganos, organismos e instituciones de las Administraciones P\u00fablicas; \u00f3rganos jurisdiccionales y Cuerpos y Fuerzas de Seguridad del Estado.<\/li><\/ul>\n\n\n\n<h2>Cu\u00e1nto tiempo conservamos tus datos<\/h2>\n\n\n\n<p>Si dejas un comentario, el comentario y sus metadatos se conservan indefinidamente. Esto es para que podamos reconocer y aprobar comentarios sucesivos autom\u00e1ticamente, en lugar de mantenerlos en una cola de moderaci\u00f3n.<\/p>\n\n\n\n<p>De los usuarios que se registran en nuestra web (si los hay), tambi\u00e9n almacenamos la informaci\u00f3n personal que proporcionan en su perfil de usuario. Todos los usuarios pueden ver, editar o eliminar su informaci\u00f3n personal en cualquier momento (excepto que no pueden cambiar su nombre de usuario). Los administradores de la web tambi\u00e9n pueden ver y editar esa informaci\u00f3n.<\/p>\n\n\n\n<p>Cualquier usuario puede ejercer sus derecho de eliminaci\u00f3n de dichos datos almacenados enviando un correo a info@maquinandocoser.com tal y como se dispone en la&nbsp;<a href=\"https:\/\/www.boe.es\/eli\/es\/lo\/2018\/12\/05\/3\/con\" target=\"_blank\" rel=\"noreferrer noopener\">Ley Org\u00e1nica 3\/2018 de Protecci\u00f3n de Datos y Garant\u00eda de los Derechos Digitales<\/a>&nbsp;(LOPDGDD).<\/p>\n\n\n\n<h2>Qu\u00e9 derechos tienes sobre tus datos<\/h2>\n\n\n\n<p>Si tienes una cuenta o has dejado comentarios en esta web, puedes solicitar recibir un archivo de exportaci\u00f3n de los datos personales que tenemos sobre ti, incluyendo cualquier dato que nos hayas proporcionado. Tambi\u00e9n puedes solicitar que eliminemos cualquier dato personal que tengamos sobre ti. Esto no incluye ning\u00fan dato que estemos obligados a conservar con fines administrativos, legales o de seguridad.<\/p>\n\n\n\n<h2>D\u00f3nde enviamos tus datos<\/h2>\n\n\n\n<p>Los comentarios de los visitantes puede que los revise un servicio de detecci\u00f3n autom\u00e1tica de spam.<\/p>\n\n\n\n<h2>Informaci\u00f3n adicional<\/h2>\n\n\n\n<h3>C\u00f3mo protegemos tus datos<\/h3>\n\n\n\n<p>Nuestras bases de datos no almacena contrase\u00f1as en texto plano, es decir, todas las contrase\u00f1as est\u00e1n protegidas mediante un algoritmo de encriptaci\u00f3n sin vuelta atr\u00e1s (HASH). Es por eso que no podemos decirle que contrase\u00f1a ha elegido para su registro y siempre se le solicitara un cambio de contrase\u00f1a mediante correo electr\u00f3nico.<\/p>\n\n\n\n<p>Nuestros sistema esta actualizado a las ultimas versiones estables, lo que garantiza que se est\u00e1n usando versiones con menos problemas de seguridad.<\/p>\n\n\n\n<p>En nuestros sistemas esta automatizado procedimientos de copia de seguridad para garantizar que no se realiza en ning\u00fan momento perdidas de datos.<\/p>\n\n\n\n<h3>Qu\u00e9 procedimientos utilizamos contra las brechas de datos<\/h3>\n\n\n\n<p><strong>Lafraguadedavid.com<\/strong>\u00a0no almacena ning\u00fan dato que pueda comprometer la integridad de ninguno de sus usuarios, ya que no almacena ning\u00fan dato de pago y solamente almacena datos de env\u00edo.<\/p>\n\n\n\n<p>En el supuesto de realizarse alguna brecha de datos, herbalote proceder\u00e1 de acuerdo con la&nbsp;<a href=\"https:\/\/www.boe.es\/eli\/es\/lo\/2018\/12\/05\/3\/con\" target=\"_blank\" rel=\"noreferrer noopener\">Ley Org\u00e1nica 3\/2018 de Protecci\u00f3n de Datos y Garant\u00eda de los Derechos Digitales<\/a>&nbsp;(LOPDGDD) y proceder\u00e1 a la informaci\u00f3n de dicha brecha en un plazo inferior a 72h tal y como se estipula en el procedimiento por ley.<\/p>\n\n\n\n<p>\u00daltima revisi\u00f3n y actualizaci\u00f3n&nbsp;<strong>26 de Enero de 2022<\/strong><\/p>\n","protected":false},"excerpt":{"rendered":"<p>POL\u00cdTICA DE PRIVACIDAD La fragua de David&nbsp;desea que te sientas c\u00f3modo en nuestro sitio web. La protecci\u00f3n de tu privacidad es muy importante para nosotros. Por lo tanto, nos gustar\u00eda que se tomase un tiempo para leer detenidamente el siguiente resumen sobre c\u00f3mo funciona nuestro sitio web. Puedes confiar en un procesamiento de datos transparente ya que nos esforzamos para manejar tus datos de forma segura, cuidadosa y responsable. &nbsp;&nbsp;&nbsp;Las siguientes pol\u00edticas de privacidad est\u00e1n destinadas a informarte sobre c\u00f3mo usamos tu informaci\u00f3n personal cumpliendo con las disposiciones y requisitos del&nbsp;Reglamento General de Protecci\u00f3n de Datos&nbsp;(General Data Protection Regulation, GDPR)\u2026<\/p>\n","protected":false},"author":1,"featured_media":0,"parent":0,"menu_order":0,"comment_status":"closed","ping_status":"closed","template":"","meta":[],"blocksy_meta":{"styles_descriptor":{"styles":{"desktop":"","tablet":"","mobile":""},"google_fonts":[],"version":4}},"yoast_head":"<!-- This site is optimized with the Yoast SEO plugin v18.1 - https:\/\/yoast.com\/wordpress\/plugins\/seo\/ -->\n<title>POL\u00cdTICA DE PRIVACIDAD - La Fragua de David<\/title>\n<meta name=\"robots\" content=\"index, follow, max-snippet:-1, max-image-preview:large, max-video-preview:-1\" \/>\n<link rel=\"canonical\" href=\"https:\/\/www.lafraguadedavid.com\/index.php\/politica-de-privacidad\/\" \/>\n<meta property=\"og:locale\" content=\"es_ES\" \/>\n<meta property=\"og:type\" content=\"article\" \/>\n<meta property=\"og:title\" content=\"POL\u00cdTICA DE PRIVACIDAD - La Fragua de David\" \/>\n<meta property=\"og:description\" content=\"POL\u00cdTICA DE PRIVACIDAD La fragua de David&nbsp;desea que te sientas c\u00f3modo en nuestro sitio web. La protecci\u00f3n de tu privacidad es muy importante para nosotros. Por lo tanto, nos gustar\u00eda que se tomase un tiempo para leer detenidamente el siguiente resumen sobre c\u00f3mo funciona nuestro sitio web. Puedes confiar en un procesamiento de datos transparente ya que nos esforzamos para manejar tus datos de forma segura, cuidadosa y responsable. &nbsp;&nbsp;&nbsp;Las siguientes pol\u00edticas de privacidad est\u00e1n destinadas a informarte sobre c\u00f3mo usamos tu informaci\u00f3n personal cumpliendo con las disposiciones y requisitos del&nbsp;Reglamento General de Protecci\u00f3n de Datos&nbsp;(General Data Protection Regulation, GDPR)\u2026\" \/>\n<meta property=\"og:url\" content=\"https:\/\/www.lafraguadedavid.com\/index.php\/politica-de-privacidad\/\" \/>\n<meta property=\"og:site_name\" content=\"La Fragua de David\" \/>\n<meta property=\"article:modified_time\" content=\"2022-01-26T10:53:17+00:00\" \/>\n<meta property=\"og:image\" content=\"https:\/\/www.lafraguadedavid.com\/wp-content\/uploads\/2022\/01\/RGPD-300x285-1.png\" \/>\n<meta name=\"twitter:card\" content=\"summary_large_image\" \/>\n<meta name=\"twitter:label1\" content=\"Tiempo de lectura\" \/>\n\t<meta name=\"twitter:data1\" content=\"8 minutos\" \/>\n<script type=\"application\/ld+json\" class=\"yoast-schema-graph\">{\"@context\":\"https:\/\/schema.org\",\"@graph\":[{\"@type\":\"WebSite\",\"@id\":\"https:\/\/www.lafraguadedavid.com\/#website\",\"url\":\"https:\/\/www.lafraguadedavid.com\/\",\"name\":\"La Fragua de David\",\"description\":\"\",\"potentialAction\":[{\"@type\":\"SearchAction\",\"target\":{\"@type\":\"EntryPoint\",\"urlTemplate\":\"https:\/\/www.lafraguadedavid.com\/?s={search_term_string}\"},\"query-input\":\"required name=search_term_string\"}],\"inLanguage\":\"es\"},{\"@type\":\"ImageObject\",\"@id\":\"https:\/\/www.lafraguadedavid.com\/index.php\/politica-de-privacidad\/#primaryimage\",\"inLanguage\":\"es\",\"url\":\"https:\/\/www.lafraguadedavid.com\/wp-content\/uploads\/2022\/01\/RGPD-300x285-1.png\",\"contentUrl\":\"https:\/\/www.lafraguadedavid.com\/wp-content\/uploads\/2022\/01\/RGPD-300x285-1.png\",\"width\":300,\"height\":285},{\"@type\":\"WebPage\",\"@id\":\"https:\/\/www.lafraguadedavid.com\/index.php\/politica-de-privacidad\/#webpage\",\"url\":\"https:\/\/www.lafraguadedavid.com\/index.php\/politica-de-privacidad\/\",\"name\":\"POL\u00cdTICA DE PRIVACIDAD - La Fragua de David\",\"isPartOf\":{\"@id\":\"https:\/\/www.lafraguadedavid.com\/#website\"},\"primaryImageOfPage\":{\"@id\":\"https:\/\/www.lafraguadedavid.com\/index.php\/politica-de-privacidad\/#primaryimage\"},\"datePublished\":\"2022-01-24T10:43:20+00:00\",\"dateModified\":\"2022-01-26T10:53:17+00:00\",\"breadcrumb\":{\"@id\":\"https:\/\/www.lafraguadedavid.com\/index.php\/politica-de-privacidad\/#breadcrumb\"},\"inLanguage\":\"es\",\"potentialAction\":[{\"@type\":\"ReadAction\",\"target\":[\"https:\/\/www.lafraguadedavid.com\/index.php\/politica-de-privacidad\/\"]}]},{\"@type\":\"BreadcrumbList\",\"@id\":\"https:\/\/www.lafraguadedavid.com\/index.php\/politica-de-privacidad\/#breadcrumb\",\"itemListElement\":[{\"@type\":\"ListItem\",\"position\":1,\"name\":\"Portada\",\"item\":\"https:\/\/www.lafraguadedavid.com\/\"},{\"@type\":\"ListItem\",\"position\":2,\"name\":\"POL\u00cdTICA DE PRIVACIDAD\"}]}]}<\/script>\n<!-- \/ Yoast SEO plugin. -->","yoast_head_json":{"title":"POL\u00cdTICA DE PRIVACIDAD - La Fragua de David","robots":{"index":"index","follow":"follow","max-snippet":"max-snippet:-1","max-image-preview":"max-image-preview:large","max-video-preview":"max-video-preview:-1"},"canonical":"https:\/\/www.lafraguadedavid.com\/index.php\/politica-de-privacidad\/","og_locale":"es_ES","og_type":"article","og_title":"POL\u00cdTICA DE PRIVACIDAD - La Fragua de David","og_description":"POL\u00cdTICA DE PRIVACIDAD La fragua de David&nbsp;desea que te sientas c\u00f3modo en nuestro sitio web. La protecci\u00f3n de tu privacidad es muy importante para nosotros. Por lo tanto, nos gustar\u00eda que se tomase un tiempo para leer detenidamente el siguiente resumen sobre c\u00f3mo funciona nuestro sitio web. Puedes confiar en un procesamiento de datos transparente ya que nos esforzamos para manejar tus datos de forma segura, cuidadosa y responsable. &nbsp;&nbsp;&nbsp;Las siguientes pol\u00edticas de privacidad est\u00e1n destinadas a informarte sobre c\u00f3mo usamos tu informaci\u00f3n personal cumpliendo con las disposiciones y requisitos del&nbsp;Reglamento General de Protecci\u00f3n de Datos&nbsp;(General Data Protection Regulation, GDPR)\u2026","og_url":"https:\/\/www.lafraguadedavid.com\/index.php\/politica-de-privacidad\/","og_site_name":"La Fragua de David","article_modified_time":"2022-01-26T10:53:17+00:00","og_image":[{"url":"https:\/\/www.lafraguadedavid.com\/wp-content\/uploads\/2022\/01\/RGPD-300x285-1.png"}],"twitter_card":"summary_large_image","twitter_misc":{"Tiempo de lectura":"8 minutos"},"schema":{"@context":"https:\/\/schema.org","@graph":[{"@type":"WebSite","@id":"https:\/\/www.lafraguadedavid.com\/#website","url":"https:\/\/www.lafraguadedavid.com\/","name":"La Fragua de David","description":"","potentialAction":[{"@type":"SearchAction","target":{"@type":"EntryPoint","urlTemplate":"https:\/\/www.lafraguadedavid.com\/?s={search_term_string}"},"query-input":"required name=search_term_string"}],"inLanguage":"es"},{"@type":"ImageObject","@id":"https:\/\/www.lafraguadedavid.com\/index.php\/politica-de-privacidad\/#primaryimage","inLanguage":"es","url":"https:\/\/www.lafraguadedavid.com\/wp-content\/uploads\/2022\/01\/RGPD-300x285-1.png","contentUrl":"https:\/\/www.lafraguadedavid.com\/wp-content\/uploads\/2022\/01\/RGPD-300x285-1.png","width":300,"height":285},{"@type":"WebPage","@id":"https:\/\/www.lafraguadedavid.com\/index.php\/politica-de-privacidad\/#webpage","url":"https:\/\/www.lafraguadedavid.com\/index.php\/politica-de-privacidad\/","name":"POL\u00cdTICA DE PRIVACIDAD - La Fragua de David","isPartOf":{"@id":"https:\/\/www.lafraguadedavid.com\/#website"},"primaryImageOfPage":{"@id":"https:\/\/www.lafraguadedavid.com\/index.php\/politica-de-privacidad\/#primaryimage"},"datePublished":"2022-01-24T10:43:20+00:00","dateModified":"2022-01-26T10:53:17+00:00","breadcrumb":{"@id":"https:\/\/www.lafraguadedavid.com\/index.php\/politica-de-privacidad\/#breadcrumb"},"inLanguage":"es","potentialAction":[{"@type":"ReadAction","target":["https:\/\/www.lafraguadedavid.com\/index.php\/politica-de-privacidad\/"]}]},{"@type":"BreadcrumbList","@id":"https:\/\/www.lafraguadedavid.com\/index.php\/politica-de-privacidad\/#breadcrumb","itemListElement":[{"@type":"ListItem","position":1,"name":"Portada","item":"https:\/\/www.lafraguadedavid.com\/"},{"@type":"ListItem","position":2,"name":"POL\u00cdTICA DE PRIVACIDAD"}]}]}},"_links":{"self":[{"href":"https:\/\/www.lafraguadedavid.com\/index.php\/wp-json\/wp\/v2\/pages\/78"}],"collection":[{"href":"https:\/\/www.lafraguadedavid.com\/index.php\/wp-json\/wp\/v2\/pages"}],"about":[{"href":"https:\/\/www.lafraguadedavid.com\/index.php\/wp-json\/wp\/v2\/types\/page"}],"author":[{"embeddable":true,"href":"https:\/\/www.lafraguadedavid.com\/index.php\/wp-json\/wp\/v2\/users\/1"}],"replies":[{"embeddable":true,"href":"https:\/\/www.lafraguadedavid.com\/index.php\/wp-json\/wp\/v2\/comments?post=78"}],"version-history":[{"count":3,"href":"https:\/\/www.lafraguadedavid.com\/index.php\/wp-json\/wp\/v2\/pages\/78\/revisions"}],"predecessor-version":[{"id":169,"href":"https:\/\/www.lafraguadedavid.com\/index.php\/wp-json\/wp\/v2\/pages\/78\/revisions\/169"}],"wp:attachment":[{"href":"https:\/\/www.lafraguadedavid.com\/index.php\/wp-json\/wp\/v2\/media?parent=78"}],"curies":[{"name":"wp","href":"https:\/\/api.w.org\/{rel}","templated":true}]}}