
{"id":80,"date":"2022-01-24T10:43:39","date_gmt":"2022-01-24T10:43:39","guid":{"rendered":"https:\/\/www.lafraguadedavid.com\/?page_id=80"},"modified":"2022-01-26T10:44:26","modified_gmt":"2022-01-26T10:44:26","slug":"politica-de-cookies","status":"publish","type":"page","link":"https:\/\/www.lafraguadedavid.com\/index.php\/politica-de-cookies\/","title":{"rendered":"POL\u00cdTICA DE COOKIES"},"content":{"rendered":"\n<h1 class=\"has-text-align-center\">POL\u00cdTICA DE COOKIES<\/h1>\n\n\n\n<p>De la misma forma que otros sitios web de contenido comercial, nuestro sitio web\u00a0<strong>lafraguadedavid.com<\/strong>\u00a0utiliza una tecnolog\u00eda denominada \u201ccookies\u201d para recabar informaci\u00f3n acerca de su uso.<\/p>\n\n\n\n<p>Le informamos de que podemos utilizar cookies en su equipo a condici\u00f3n de que usted haya dado su consentimiento, salvo en los supuestos en los que las cookies sean necesarias para la navegaci\u00f3n por el Sitio Web.<\/p>\n\n\n\n<p>A tal efecto, le indicamos que la utilizaci\u00f3n de las diferentes cookies por nuestro Sitio Web nos permite distinguirle a usted de otros usuarios, proporcionarle una mejor experiencia en el uso del mismo e identificar problemas para mejorar nuestro Sitio Web. En caso de que usted preste su consentimiento, utilizaremos cookies que nos permitir\u00e1n tener m\u00e1s informaci\u00f3n acerca de sus preferencias y personalizar nuestro Sitio Web de conformidad con sus intereses individuales.<\/p>\n\n\n\n<h2><strong>Cookies, prop\u00f3sito y seguimiento<\/strong><\/h2>\n\n\n\n<p>Las cookies son peque\u00f1os archivos que se almacenan en el disco duro de su ordenador. Puede que utilicemos cookies para identificar a los usuarios de nuestro Sitio Web y as\u00ed ofrecerles una mejor experiencia. Nuestras cookies no contienen ning\u00fan tipo de dato personal, como su nombre, ni confidencial, como su n\u00famero de tarjeta de cr\u00e9dito. Podemos permitir a terceros que utilicen las cookies del Sitio Web, pero no controlamos el uso ni el contenido de cookies de terceros.<\/p>\n\n\n\n<p>Utilizamos las cookies que se describen a continuaci\u00f3n. En la siguiente p\u00e1gina puede indicar su aceptaci\u00f3n de nuestras cookies. Utilizamos las cookies de terceros y primeros. Esto es, que nosotros y los terceros establecen las cookies a trav\u00e9s de este Sitio.<\/p>\n\n\n\n<p>Utilizamos&nbsp;<strong>cookies de sesi\u00f3n<\/strong>, que nos permiten llevar informaci\u00f3n de una p\u00e1gina a otra en el Sitio evitando tener que introducir de nuevo la informaci\u00f3n.<\/p>\n\n\n\n<p>Utilizamos&nbsp;<strong>cookies persistentes<\/strong>&nbsp;son cookies que se almacenan en la carpeta de su navegador mucho m\u00e1s tiempo (dependiendo del tiempo de vida de esa cookie espec\u00edfica). Le ofrecen contenido que coincidan con sus intereses.<\/p>\n\n\n\n<p>Utilizamos&nbsp;<strong>cookies anal\u00edticas<\/strong>&nbsp;que nos permiten calcular el n\u00famero de personas que visitan nuestro Sitio y qu\u00e9 partes del sitio son las m\u00e1s populares. Esto ayuda a mejorar nuestro Sitio de cara a los Usuarios y clientes.<\/p>\n\n\n\n<p>Los navegadores de Internet a menudo permiten borrar del disco duro cookies existentes, bloquear su uso y\/o recibir notificaciones cuando se identifican cookies. Si decide bloquear las cookies, tenga en cuenta que probablemente no podr\u00e1 beneficiarse de todas las caracter\u00edsticas y funciones del Sitio Web.<\/p>\n\n\n\n<h2><strong>Tipos de cookies existentes en lafraguadedavid.com<\/strong><\/h2>\n\n\n\n<p><strong>Cookies anal\u00edticas<\/strong><\/p>\n\n\n\n<p>Recogen informaci\u00f3n para evaluar el uso que hacemos de determinados sitios web. La anal\u00edtica de la web es la medida, recolecci\u00f3n, an\u00e1lisis y creaci\u00f3n de informes de los datos de Internet con el prop\u00f3sito de entender y optimizar el uso de sitios web.<\/p>\n\n\n\n<p><strong>Cookies de afiliados<\/strong><\/p>\n\n\n\n<p>Permiten realizar un seguimiento de las visitas procedentes de otros sitios web, con los que determinado sitio tenga v\u00ednculos comerciales o de colaboraci\u00f3n.<\/p>\n\n\n\n<p><strong>Cookies t\u00e9cnicas<\/strong><\/p>\n\n\n\n<p>Son estrictamente necesarias para el uso de determinados sitios web.<\/p>\n\n\n\n<p><strong>Cookies persistentes o guardadas<\/strong><\/p>\n\n\n\n<p>Estas permanecen en su equipo despu\u00e9s de cerrar el navegador. Los sitios web las usan para almacenar informaci\u00f3n, como el nombre y la contrase\u00f1a de inicio de sesi\u00f3n, para que no tenga que iniciar sesi\u00f3n cada vez que vaya a un sitio determinado. Las cookies persistentes pueden permanecer en el equipo durante d\u00edas, meses e incluso a\u00f1os.<\/p>\n\n\n\n<p><strong>Cookies publicitarias o de terceros<\/strong><\/p>\n\n\n\n<p>Son las encargadas de recopilar informaci\u00f3n sobre preferencias y elecciones personales de los usuarios en sitios web. Se dirigen a redes de publicidad que las utilizan mostrar posteriomente anuncios personalizados en otros sitios web.&nbsp;Las cookies de terceros son aquellas establecidas por un dominio diferente de nuestro Sitio Web.<\/p>\n\n\n\n<p><strong>Cookies sociales<\/strong><\/p>\n\n\n\n<p>Utilizadas para relaciones con redes sociales externas (Twitter, Facebook, Google, Pinterest, etc.). Su funci\u00f3n es controlar la interacci\u00f3n con los widgets sociales dentro de las p\u00e1ginas. Este tipo de cookies se utilizan en dominios como facebook.com, twitter.com o google.com.<\/p>\n\n\n\n<p><strong>Cookies funcionales<\/strong><\/p>\n\n\n\n<p>Son estrictamente necesarias para proporcionar los servicios solicitados por los usuarios de determinados sitios web de venta o servicios.<\/p>\n\n\n\n<p>Si navega a trav\u00e9s del sitio autoriza el uso de las cookies previamente descritos. Si desea declinar su consentimiento debe borrar las cookies almacenadas en los ajustes de su navegador.<\/p>\n\n\n\n<p><strong>Deshabilitar o Habilitar Cookies<\/strong><\/p>\n\n\n\n<p>En cualquier caso, le informamos de que dado que las cookies no son necesarias para el uso del Sitio Web, puede bloquearlas activando la configuraci\u00f3n de su navegador que le permite rechazar la instalaci\u00f3n de todas las cookies o de algunas de ellas (v\u00e9anse m\u00e1s detalles abajo). La pr\u00e1ctica mayor\u00eda de los navegadores permiten advertir de la presencia de cookies o rechazarlas autom\u00e1ticamente. Si las rechaza podr\u00e1 seguir usando nuestro Sitio Web, aunque el uso de algunos de sus servicios podr\u00e1 ser limitado. No obstante, es preciso se\u00f1alar que si usa las configuraciones de su navegador para bloquear todas las cookies (incluidas cookies fundamentales) puede que no tenga acceso a la totalidad o parte de nuestro Sitio Web.<\/p>\n\n\n\n<p>Para m\u00e1s informaci\u00f3n sobre la forma de ajustar sus configuraciones de cookies en los siguientes navegadores, le remitimos al enlace pertinente:<\/p>\n\n\n\n<p><a href=\"https:\/\/support.apple.com\/kb\/ph5042?locale=es_ES\" target=\"_blank\" rel=\"noreferrer noopener\">Safari<\/a><\/p>\n\n\n\n<p><a href=\"https:\/\/support.mozilla.org\/t5\/How-To\/Habilitar-y-deshabilitar-cookies-que-los-sitios-web-utilizan\/ta-p\/34665\" target=\"_blank\" rel=\"noreferrer noopener\">Firefox<\/a><\/p>\n\n\n\n<p><a href=\"https:\/\/support.microsoft.com\/es-es\/help\/278835\/how-to-delete-cookie-files-in-internet-explorer\" target=\"_blank\" rel=\"noreferrer noopener\">Explorer<\/a><\/p>\n\n\n\n<p><a href=\"https:\/\/support.google.com\/chrome\/answer\/95647?hl=es\" target=\"_blank\" rel=\"noreferrer noopener\">Chrome<\/a><\/p>\n\n\n\n<p>Si tiene dudas sobre como administrar las Cookies, puede contactar con\u00a0\u00a0<strong>lafraguadedavid.com<\/strong>\u00a0en\u00a0<strong>david@lafraguadedavid.com.<\/strong><\/p>\n\n\n\n<p><strong>Borrar Cookies<\/strong><\/p>\n\n\n\n<p>Para m\u00e1s informaci\u00f3n sobre como borrar o eliminar las cookies almacenadas en su navegador, le remitimos al enlace pertinente<\/p>\n\n\n\n<p><a href=\"https:\/\/support.apple.com\/es-es\/HT201265\" target=\"_blank\" rel=\"noreferrer noopener\">Safari<\/a><\/p>\n\n\n\n<p><a href=\"https:\/\/support.mozilla.org\/t5\/Cookies-y-cach%C3%A9\/Borrar-cookies\/ta-p\/16541\" target=\"_blank\" rel=\"noreferrer noopener\">Firefox<\/a><\/p>\n\n\n\n<p><a href=\"https:\/\/support.microsoft.com\/es-es\/help\/17442\/windows-internet-explorer-delete-manage-cookies\" target=\"_blank\" rel=\"noreferrer noopener\">Explorer<\/a><\/p>\n\n\n\n<p><a href=\"https:\/\/support.google.com\/chrome\/answer\/95647?co=GENIE.Platform%3DDesktop&amp;hl=es\" target=\"_blank\" rel=\"noreferrer noopener\">Chrome<\/a><\/p>\n\n\n\n<p>Si tiene dudas sobre como borrar o eliminar las Cookies, puede contactar con\u00a0<strong>lafraguadedavid.com<\/strong>\u00a0en\u00a0<strong>david@lafraguadedavid.com<\/strong><\/p>\n\n\n\n<p><strong>Baliza web o Faro web<\/strong><\/p>\n\n\n\n<p>Algunas de las p\u00e1ginas web pueden contener im\u00e1genes electr\u00f3nicas conocidas como Baliza web o Faro web (a veces conocidas como gifs) que permiten contar los usuarios que han visitado estas p\u00e1ginas. Baliza web o Faro web recopila informaci\u00f3n limitada que incluye un n\u00famero de cookie, hora y fecha de la visita a la p\u00e1gina y una descripci\u00f3n de la p\u00e1gina en la que la Baliza web o Faro web reside. Puedo tambi\u00e9n utilizar la Baliza web o Faro web de terceros. Estas Balizas web o Faros web no contienen informaci\u00f3n personal e identificable y son solo utilizados para el seguimiento eficiente de una campa\u00f1a en particular.<\/p>\n\n\n\n<p><strong>Enlaces a terceros<\/strong><\/p>\n\n\n\n<p>El Sitio Web puede contener enlaces a sitios web que est\u00e9n gestionados o mantenidos por terceras partes sobre los que no tenemos ning\u00fan tipo de control. Todo dato que usted proporcione a sitios web de terceros se regir\u00e1 en virtud de los t\u00e9rminos de la Pol\u00edtica de protecci\u00f3n de datos de dicho sitio web. Le aconsejamos que la consulte y se informe antes de revelar ning\u00fan tipo de dato en sitios web de terceros. hltiendaes.com no asume responsabilidad alguna en cuanto al contenido, acciones o pol\u00edticas de sitios web de terceras partes. El hecho de que nuestro Sitio Web incluya sitios web de terceros no implica la aprobaci\u00f3n de sus contenidos, acciones o pol\u00edticas.<\/p>\n","protected":false},"excerpt":{"rendered":"<p>POL\u00cdTICA DE COOKIES De la misma forma que otros sitios web de contenido comercial, nuestro sitio web\u00a0lafraguadedavid.com\u00a0utiliza una tecnolog\u00eda denominada \u201ccookies\u201d para recabar informaci\u00f3n acerca de su uso. Le informamos de que podemos utilizar cookies en su equipo a condici\u00f3n de que usted haya dado su consentimiento, salvo en los supuestos en los que las cookies sean necesarias para la navegaci\u00f3n por el Sitio Web. A tal efecto, le indicamos que la utilizaci\u00f3n de las diferentes cookies por nuestro Sitio Web nos permite distinguirle a usted de otros usuarios, proporcionarle una mejor experiencia en el uso del mismo e identificar\u2026<\/p>\n","protected":false},"author":1,"featured_media":0,"parent":0,"menu_order":0,"comment_status":"closed","ping_status":"closed","template":"","meta":[],"blocksy_meta":{"styles_descriptor":{"styles":{"desktop":"","tablet":"","mobile":""},"google_fonts":[],"version":4}},"yoast_head":"<!-- This site is optimized with the Yoast SEO plugin v18.1 - https:\/\/yoast.com\/wordpress\/plugins\/seo\/ -->\n<title>POL\u00cdTICA DE COOKIES - La Fragua de David<\/title>\n<meta name=\"robots\" content=\"index, follow, max-snippet:-1, max-image-preview:large, max-video-preview:-1\" \/>\n<link rel=\"canonical\" href=\"https:\/\/www.lafraguadedavid.com\/index.php\/politica-de-cookies\/\" \/>\n<meta property=\"og:locale\" content=\"es_ES\" \/>\n<meta property=\"og:type\" content=\"article\" \/>\n<meta property=\"og:title\" content=\"POL\u00cdTICA DE COOKIES - La Fragua de David\" \/>\n<meta property=\"og:description\" content=\"POL\u00cdTICA DE COOKIES De la misma forma que otros sitios web de contenido comercial, nuestro sitio web\u00a0lafraguadedavid.com\u00a0utiliza una tecnolog\u00eda denominada \u201ccookies\u201d para recabar informaci\u00f3n acerca de su uso. Le informamos de que podemos utilizar cookies en su equipo a condici\u00f3n de que usted haya dado su consentimiento, salvo en los supuestos en los que las cookies sean necesarias para la navegaci\u00f3n por el Sitio Web. A tal efecto, le indicamos que la utilizaci\u00f3n de las diferentes cookies por nuestro Sitio Web nos permite distinguirle a usted de otros usuarios, proporcionarle una mejor experiencia en el uso del mismo e identificar\u2026\" \/>\n<meta property=\"og:url\" content=\"https:\/\/www.lafraguadedavid.com\/index.php\/politica-de-cookies\/\" \/>\n<meta property=\"og:site_name\" content=\"La Fragua de David\" \/>\n<meta property=\"article:modified_time\" content=\"2022-01-26T10:44:26+00:00\" \/>\n<meta name=\"twitter:card\" content=\"summary_large_image\" \/>\n<meta name=\"twitter:label1\" content=\"Tiempo de lectura\" \/>\n\t<meta name=\"twitter:data1\" content=\"6 minutos\" \/>\n<script type=\"application\/ld+json\" class=\"yoast-schema-graph\">{\"@context\":\"https:\/\/schema.org\",\"@graph\":[{\"@type\":\"WebSite\",\"@id\":\"https:\/\/www.lafraguadedavid.com\/#website\",\"url\":\"https:\/\/www.lafraguadedavid.com\/\",\"name\":\"La Fragua de David\",\"description\":\"\",\"potentialAction\":[{\"@type\":\"SearchAction\",\"target\":{\"@type\":\"EntryPoint\",\"urlTemplate\":\"https:\/\/www.lafraguadedavid.com\/?s={search_term_string}\"},\"query-input\":\"required name=search_term_string\"}],\"inLanguage\":\"es\"},{\"@type\":\"WebPage\",\"@id\":\"https:\/\/www.lafraguadedavid.com\/index.php\/politica-de-cookies\/#webpage\",\"url\":\"https:\/\/www.lafraguadedavid.com\/index.php\/politica-de-cookies\/\",\"name\":\"POL\u00cdTICA DE COOKIES - La Fragua de David\",\"isPartOf\":{\"@id\":\"https:\/\/www.lafraguadedavid.com\/#website\"},\"datePublished\":\"2022-01-24T10:43:39+00:00\",\"dateModified\":\"2022-01-26T10:44:26+00:00\",\"breadcrumb\":{\"@id\":\"https:\/\/www.lafraguadedavid.com\/index.php\/politica-de-cookies\/#breadcrumb\"},\"inLanguage\":\"es\",\"potentialAction\":[{\"@type\":\"ReadAction\",\"target\":[\"https:\/\/www.lafraguadedavid.com\/index.php\/politica-de-cookies\/\"]}]},{\"@type\":\"BreadcrumbList\",\"@id\":\"https:\/\/www.lafraguadedavid.com\/index.php\/politica-de-cookies\/#breadcrumb\",\"itemListElement\":[{\"@type\":\"ListItem\",\"position\":1,\"name\":\"Portada\",\"item\":\"https:\/\/www.lafraguadedavid.com\/\"},{\"@type\":\"ListItem\",\"position\":2,\"name\":\"POL\u00cdTICA DE COOKIES\"}]}]}<\/script>\n<!-- \/ Yoast SEO plugin. -->","yoast_head_json":{"title":"POL\u00cdTICA DE COOKIES - La Fragua de David","robots":{"index":"index","follow":"follow","max-snippet":"max-snippet:-1","max-image-preview":"max-image-preview:large","max-video-preview":"max-video-preview:-1"},"canonical":"https:\/\/www.lafraguadedavid.com\/index.php\/politica-de-cookies\/","og_locale":"es_ES","og_type":"article","og_title":"POL\u00cdTICA DE COOKIES - La Fragua de David","og_description":"POL\u00cdTICA DE COOKIES De la misma forma que otros sitios web de contenido comercial, nuestro sitio web\u00a0lafraguadedavid.com\u00a0utiliza una tecnolog\u00eda denominada \u201ccookies\u201d para recabar informaci\u00f3n acerca de su uso. Le informamos de que podemos utilizar cookies en su equipo a condici\u00f3n de que usted haya dado su consentimiento, salvo en los supuestos en los que las cookies sean necesarias para la navegaci\u00f3n por el Sitio Web. A tal efecto, le indicamos que la utilizaci\u00f3n de las diferentes cookies por nuestro Sitio Web nos permite distinguirle a usted de otros usuarios, proporcionarle una mejor experiencia en el uso del mismo e identificar\u2026","og_url":"https:\/\/www.lafraguadedavid.com\/index.php\/politica-de-cookies\/","og_site_name":"La Fragua de David","article_modified_time":"2022-01-26T10:44:26+00:00","twitter_card":"summary_large_image","twitter_misc":{"Tiempo de lectura":"6 minutos"},"schema":{"@context":"https:\/\/schema.org","@graph":[{"@type":"WebSite","@id":"https:\/\/www.lafraguadedavid.com\/#website","url":"https:\/\/www.lafraguadedavid.com\/","name":"La Fragua de David","description":"","potentialAction":[{"@type":"SearchAction","target":{"@type":"EntryPoint","urlTemplate":"https:\/\/www.lafraguadedavid.com\/?s={search_term_string}"},"query-input":"required name=search_term_string"}],"inLanguage":"es"},{"@type":"WebPage","@id":"https:\/\/www.lafraguadedavid.com\/index.php\/politica-de-cookies\/#webpage","url":"https:\/\/www.lafraguadedavid.com\/index.php\/politica-de-cookies\/","name":"POL\u00cdTICA DE COOKIES - La Fragua de David","isPartOf":{"@id":"https:\/\/www.lafraguadedavid.com\/#website"},"datePublished":"2022-01-24T10:43:39+00:00","dateModified":"2022-01-26T10:44:26+00:00","breadcrumb":{"@id":"https:\/\/www.lafraguadedavid.com\/index.php\/politica-de-cookies\/#breadcrumb"},"inLanguage":"es","potentialAction":[{"@type":"ReadAction","target":["https:\/\/www.lafraguadedavid.com\/index.php\/politica-de-cookies\/"]}]},{"@type":"BreadcrumbList","@id":"https:\/\/www.lafraguadedavid.com\/index.php\/politica-de-cookies\/#breadcrumb","itemListElement":[{"@type":"ListItem","position":1,"name":"Portada","item":"https:\/\/www.lafraguadedavid.com\/"},{"@type":"ListItem","position":2,"name":"POL\u00cdTICA DE COOKIES"}]}]}},"_links":{"self":[{"href":"https:\/\/www.lafraguadedavid.com\/index.php\/wp-json\/wp\/v2\/pages\/80"}],"collection":[{"href":"https:\/\/www.lafraguadedavid.com\/index.php\/wp-json\/wp\/v2\/pages"}],"about":[{"href":"https:\/\/www.lafraguadedavid.com\/index.php\/wp-json\/wp\/v2\/types\/page"}],"author":[{"embeddable":true,"href":"https:\/\/www.lafraguadedavid.com\/index.php\/wp-json\/wp\/v2\/users\/1"}],"replies":[{"embeddable":true,"href":"https:\/\/www.lafraguadedavid.com\/index.php\/wp-json\/wp\/v2\/comments?post=80"}],"version-history":[{"count":3,"href":"https:\/\/www.lafraguadedavid.com\/index.php\/wp-json\/wp\/v2\/pages\/80\/revisions"}],"predecessor-version":[{"id":165,"href":"https:\/\/www.lafraguadedavid.com\/index.php\/wp-json\/wp\/v2\/pages\/80\/revisions\/165"}],"wp:attachment":[{"href":"https:\/\/www.lafraguadedavid.com\/index.php\/wp-json\/wp\/v2\/media?parent=80"}],"curies":[{"name":"wp","href":"https:\/\/api.w.org\/{rel}","templated":true}]}}